vided by 48.
0
Calculate the remainder when 358 is divided by 73.
66
What is the remainder when 1677 is divided by 21?
18
Calculate the remainder when 2089 is divided by 41.
39
Calculate the remainder when 1848 is divided by 383.
316
What is the remainder when 455 is divided by 57?
56
What is the remainder when 41 is divided by 25?
16
What is the remainder when 539 is divided by 259?
21
What is the remainder when 7696 is divided by 140?
136
What is the remainder when 1797 is divided by 298?
9
Calculate the remainder when 359 is divided by 291.
68
Calculate the remainder when 191 is divided by 39.
35
What is the remainder when 738 is divided by 99?
45
Calculate the remainder when 7815 is divided by 1951.
11
Calculate the remainder when 1357 is divided by 366.
259
What is the remainder when 10024 is divided by 228?
220
What is the remainder when 298 is divided by 43?
40
Calculate the remainder when 5356 is divided by 47.
45
Calculate the remainder when 260 is divided by 133.
127
What is the remainder when 176 is divided by 69?
38
What is the remainder when 273 is divided by 52?
13
What is the remainder when 438 is divided by 41?
28
What is the remainder when 9299 is divided by 155?
154
Calculate the remainder when 183 is divided by 46.
45
What is the remainder when 87 is divided by 45?
42
What is the remainder when 557 is divided by 35?
32
Calculate the remainder when 507 is divided by 51.
48
Calculate the remainder when 1163 is divided by 78.
71
Calculate the remainder when 78 is divided by 19.
2
What is the remainder when 15077 is divided by 58?
55
What is the remainder when 727 is divided by 63?
34
Calculate the remainder when 193 is divided by 14.
11
Calculate the remainder when 1537 is divided by 508.
13
Calculate the remainder when 58 is divided by 24.
10
Calculate the remainder when 73 is divided by 4.
1
Calculate the remainder when 244 is divided by 193.
51
What is the remainder when 626 is divided by 71?
58
What is the remainder when 635 is divided by 260?
115
What is the remainder when 58 is divided by 10?
8
What is the remainder when 36 is divided by 24?
12
Calculate the remainder when 234 is divided by 48.
42
What is the remainder when 440 is divided by 79?
45
What is the remainder when 115 is divided by 25?
15
Calculate the remainder when 329 is divided by 191.
138
What is the remainder when 904 is divided by 225?
4
What is the remainder when 335 is divided by 21?
20
What is the remainder when 532 is divided by 76?
0
What is the remainder when 298 is divided by 68?
26
Calculate the remainder when 114 is divided by 10.
4
Calculate the remainder when 152 is divided by 69.
14
Calculate the remainder when 1318 is divided by 4.
2
Calculate the remainder when 1303 is divided by 94.
81
Calculate the remainder when 110 is divided by 37.
36
What is the remainder when 168 is divided by 46?
30
What is the remainder when 1583 is divided by 13?
10
What is the remainder when 175 is divided by 13?
6
What is the remainder when 671 is divided by 28?
27
What is the remainder when 51 is divided by 35?
16
What is the remainder when 397 is divided by 61?
31
Calculate the remainder when 116 is divided by 17.
14
Calculate the remainder when 223 is divided by 26.
15
Calculate the remainder when 278 is divided by 2.
0
What is the remainder when 560 is divided by 421?
139
Calculate the remainder when 459 is divided by 52.
43
What is the remainder when 20 is divided by 16?
4
Calculate the remainder when 2769 is divided by 7.
4
Calculate the remainder when 441 is divided by 141.
18
Calculate the remainder when 9458 is divided by 3.
2
Calculate the remainder when 224 is divided by 36.
8
Calculate the remainder when 147 is divided by 50.
47
What is the remainder when 4645 is divided by 23?
22
Calculate the remainder when 34 is divided by 21.
13
What is the remainder when 320 is divided by 77?
12
Calculate the remainder when 399 is divided by 25.
24
What is the remainder when 257 is divided by 76?
29
Calculate the remainder when 17095 is divided by 103.
100
What is the remainder when 241 is divided by 27?
25
What is the remainder when 1058 is divided by 53?
51
Calculate the remainder when 347 is divided by 93.
68
What is the remainder when 6424 is divided by 63?
61
What is the remainder when 1279 is divided by 12?
7
Calculate the remainder when 444 is divided by 73.
6
Calculate the remainder when 251 is divided by 75.
26
What is the remainder when 726 is divided by 202?
120
What is the remainder when 151 is divided by 11?
8
What is the remainder when 255 is divided by 56?
31
What is the remainder when 147 is divided by 14?
7
Calculate the remainder when 152 is divided by 68.
16
What is the remainder when 5310 is divided by 166?
164
Calculate the remainder when 761 is divided by 51.
47
What is the remainder when 31 is divided by 14?
3
What is the remainder when 7203 is divided by 33?
9
Calculate the remainder when 36 is divided by 15.
6
Calculate the remainder when 437 is divided by 40.
37
What is the remainder when 628 is divided by 33?
1
Calculate the remainder when 977 is divided by 71.
54
What is the remainder when 193 is divided by 76?
41
Calculate the remainder when 3709 is divided by 128.
125
What is the remainder when 946 is divided by 56?
50
Calculate the remainder when 100 is divided by 7.
2
Calculate the remainder when 141 is divided by 47.
0
What is the remainder when 121 is divided by 63?
58
What is the remainder when 170 is divided by 19?
18
Calculate the remainder when 108 is divided by 4.
0
What is the remainder when 3737 is divided by 1234?
35
Calculate the remainder when 928 is divided by 85.
78
What is the remainder when 442 is divided by 65?
52
Calculate the remainder when 36 is divided by 12.
0
Calculate the remainder when 186 is divided by 72.
42
What is the remainder when 457 is divided by 16?
9
What is the remainder when 1015 is divided by 330?
25
Calculate the remainder when 517 is divided by 7.
6
Calculate the remainder when 7230 is divided by 20.
10
What is the remainder when 8987 is divided by 68?
11
What is the remainder when 1979 is divided by 486?
35
What is the remainder when 435 is divided by 101?
31
What is the remainder when 11786 is divided by 90?
86
What is the remainder when 1654 is divided by 35?
9
What is the remainder when 214 is divided by 18?
16
What is the remainder when 159 is divided by 34?
23
Calculate the remainder when 1906 is divided by 83.
80
Calculate the remainder when 438 is divided by 95.
58
Calculate the remainder when 413 is divided by 26.
23
Calculate the remainder when 382 is divided by 123.
13
What is the remainder when 16869 is divided by 76?
73
What is the remainder when 409 is divided by 119?
52
Calculate the remainder when 1362 is divided by 86.
72
What is the remainder when 617 is divided by 383?
234
Calculate the remainder when 497 is divided by 14.
7
Calculate the remainder when 31 is divided by 9.
4
What is the remainder when 1621 is divided by 1574?
47
Calculate the remainder when 112 is divided by 39.
34
What is the remainder when 874 is divided by 3?
1
Calculate the remainder when 3252 is divided by 35.
32
What is the remainder when 422 is divided by 25?
22
Calculate the remainder when 71 is divided by 12.
11
What is the remainder when 86 is divided by 46?
40
What is the remainder when 5922 is divided by 23?
11
Calculate the remainder when 397 is divided by 15.
7
Calculate the remainder when 1998 is divided by 80.
78
What is the remainder when 549 is divided by 46?
43
What is the remainder when 1333 is divided by 438?
19
What is the remainder when 16788 is divided by 163?
162
Calculate the remainder when 7540 is divided by 34.
26
What is the remainder when 640 is divided by 13?
3
What is the remainder when 593 is divided by 271?
51
Calculate the remainder when 1658 is divided by 411.
14
Calculate the remainder when 1706 is divided by 323.
91
What is the remainder when 970 is divided by 27?
25
Calculate the remainder when 17171 is divided by 108.
107
Calculate the remainder when 1892 is divided by 100.
92
What is the remainder when 2589 is divided by 16?
13
What is the remainder when 2428 is divided by 795?
43
What is the remainder when 127 is divided by 41?
4
What is the remainder when 369